hat is b066 + -1?
b065
In base 13, what is 67 + -3?
64
In base 16, what is -1430 + -4?
-1434
In base 9, what is -12 + 1?
-11
In base 10, what is -175 - 5?
-180
In base 9, what is 82 - 7?
74
In base 8, what is 14 + -306?
-272
In base 11, what is 379 + 9?
387
In base 15, what is -cd - c?
-da
In base 15, what is -2 + -1c?
-1e
In base 4, what is 1010132 + 1?
1010133
In base 8, what is 5 - -13?
20
In base 3, what is 10000 + 0?
10000
In base 7, what is -2 - -12502?
12500
In base 7, what is 235 - 1?
234
In base 5, what is 10 + 4301?
4311
In base 2, what is 101 + -10101011?
-10100110
In base 9, what is 14 - 73?
-58
In base 14, what is -125 - -3?
-122
In base 15, what is 65 + -1?
64
In base 6, what is 1 - -34011?
34012
In base 11, what is 5 + -623?
-619
In base 16, what is 5 - 2d8?
-2d3
In base 11, what is 3 - -1a?
22
In base 2, what is -10000111110 - 0?
-10000111110
In base 9, what is 1206 + -6?
1200
In base 10, what is -1425 - 9?
-1434
In base 16, what is 0 - -4dc?
4dc
In base 8, what is -244 - -5?
-237
In base 9, what is 8 - 1056?
-1047
In base 14, what is -1 - 111b?
-111c
In base 13, what is -6 + 2?
-4
In base 6, what is 32 + 10?
42
In base 13, what is -24 + -17?
-3b
In base 15, what is -506 - 1?
-507
In base 3, what is 101 - -22?
200
In base 14, what is -2 + -17c?
-180
In base 16, what is 6d + -25?
48
In base 9, what is 2 - -7?
10
In base 4, what is -10212 + 1?
-10211
In base 5, what is 4 - 341?
-332
In base 7, what is -121 + 14?
-104
In base 2, what is -10 + 100101110000?
100101101110
In base 15, what is -1de - 0?
-1de
In base 4, what is -111 - 22?
-133
In base 3, what is -222102 + -10?
-222112
In base 11, what is 1 + 784?
785
In base 11, what is -530 + -1?
-531
In base 15, what is -3 - 30?
-33
In base 13, what is -36 - 24a?
-283
In base 14, what is -4 + 321?
31b
In base 12, what is -433 - 7?
-43a
In base 9, what is -3 + 28?
25
In base 16, what is 302 - 1?
301
In base 2, what is 1010000011100 + -1?
1010000011011
In base 7, what is 2 + 233?
235
In base 9, what is 15 + 143?
158
In base 2, what is -100000 + 1001110?
101110
In base 4, what is -3 + 10021?
10012
In base 9, what is 512 - 0?
512
In base 15, what is -5 - 87?
-8c
In base 12, what is -4 + 11?
9
In base 14, what is a + 21?
2b
In base 10, what is 2088 - 2?
2086
In base 3, what is -202001 - 11?
-202012
In base 10, what is -88 + 5?
-83
In base 16, what is -5d30 + -3?
-5d33
In base 6, what is 2204 + -24?
2140
In base 11, what is a71 - 0?
a71
In base 7, what is -4 + -4143?
-4150
In base 8, what is 4 - 10256?
-10252
In base 5, what is 14 + -304?
-240
In base 12, what is 1 + 2935?
2936
In base 8, what is 2 - 671?
-667
In base 16, what is -60d - 1?
-60e
In base 14, what is -2a - -19a?
170
In base 9, what is 80 - -1?
81
In base 8, what is -4544 + -1?
-4545
In base 2, what is -1101000 - 101?
-1101101
In base 16, what is 985 - 3?
982
In base 12, what is 1 - 240?
-23b
In base 15, what is -126b - 0?
-126b
In base 14, what is 3a + 1d?
59
In base 13, what is -3 - 24c?
-252
In base 6, what is 51 - 43?
4
In base 12, what is 68 + 4?
70
In base 14, what is -16 + -4?
-1a
In base 12, what is -1b7 + 4?
-1b3
In base 15, what is -55 + 6?
-4e
In base 14, what is -8 + 2c?
24
In base 15, what is -2d + -10?
-3d
In base 6, what is 41 + 5?
50
In base 9, what is 148 - -3?
152
In base 7, what is 150 + -1?
146
In base 9, what is -17 + 12?
-5
In base 10, what is -4158 - 5?
-4163
In base 15, what is 3 + -586?
-583
In base 16, what is 43 - -4?
47
In base 6, what is 1 - 133?
-132
In base 9, what is -2 + 627?
625
In base 2, what is -1101 + -10001?
-11110
In base 15, what is 4 - 1c6?
-1c2
In base 14, what is -96 - 5?
-9b
In base 14, what is 11 - -a4?
b5
In base 12, what is -a + -23?
-31
In base 16, what is 1ab + 0?
1ab
In base 12, what is 27 - -56?
81
In base 2, what is -1000110110111 + 10?
-1000110110101
In base 9, what is 33822 - -3?
33825
In base 16, what is 1 - -866?
867
In base 6, what is -2 - -5?
3
In base 11, what is 98 + 127?
214
In base 12, what is -33 - -27?
-8
In base 14, what is 3 + -1d?
-1a
In base 11, what is -38 - 265?
-2a2
In base 3, what is 12 - -121?
210
In base 3, what is -1102121222 + 1?
-1102121221
In base 5, what is 211 - 2?
204
In base 14, what is 8 - -6a?
74
In base 12, what is 5a + -5?
55
In base 3, what is 11 + 1221?
2002
In base 11, what is -9a29 - 1?
-9a2a
In base 3, what is 11202110 + 2?
11202112
In base 5, what is -11002 - 4?
-11011
In base 6, what is 4 + 43241?
43245
In base 15, what is 2cc + -5?
2c7
In base 15, what is 325 - -22?
347
In base 3, what is -12 - -2011?
1222
In base 7, what is 4 + -1361?
-1354
In base 11, what is 2 - -60?
62
In base 13, what is 26 - 3?
23
In base 13, what is -2 + 7a?
78
In base 14, what is 3884 - -1?
3885
In base 13, what is 3 + -28?
-25
In base 13, what is 5 + -189?
-184
In base 6, what is -221033 - 5?
-221042
In base 6, what is -2324 + 3?
-2321
In base 8, what is 3 - -462?
465
In base 2, what is -11110110 + -1?
-11110111
In base 15, what is 0 - 69?
-69
In base 3, what is 10 + 20?
100
In base 2, what is 0 + 10100?
10100
In base 16, what is 0 - 42?
-42
In base 15, what is -3c8c - 4?
-3c91
In base 6, what is -150 + 1?
-145
In base 15, what is -2 + -1291?
-1293
In base 2, what is 10011100 - 0?
10011100
In base 8, what is 3 + -631?
-626
In base 13, what is 8291 - -4?
8295
In base 13, what is 3 - 31?
-2b
In base 5, what is -33 - -34?
1
In base 2, what is 10 - 11111?
-11101
In base 8, what is -25 + -3?
-30
In base 2, what is 10011 - 1001?
1010
In base 7, what is 16 + 12?
31
In base 10, what is -2 + -309?
-311
In base 10, what is -3 - 217?
-220
In base 8, what is -5 - 1?
-6
In base 6, what is -34 + -13?
-51
In base 11, what is 3 + 301?
304
In base 12, what is 79 + -42?
37
In base 9, what is -16 - -154?
137
In base 2, what is 11100101000 - -1?
11100101001
In base 9, what is 3 - -533?
536
In base 6, what is 105 - -13?
122
In base 5, what is 121 + 11?
132
In base 7, what is -1015 + 4?
-1011
In base 4, what is -2303 - -31?
-2212
In base 15, what is 17 - -5?
1c
In base 12, what is -32 - 3?
-35
In base 10, what is -387 + 31?
-356
In base 2, what is 1 - 1111110101?
-1111110100
In base 13, what is -3a6 + 1?
-3a5
In base 5, what is 102 + 0?
102
In base 11, what is -10a + 0?
-10a
In base 7, what is 6 + -413?
-404
In base 16, what is 0 + -97?
-97
In base 4, what is -210 + -12?
-222
In base 3, what is 211021 + 202?
212000
In base 10, what is -5 - -208?
203
In base 10, what is -1 - 66?
-67
In base 6, what is 43 - -51?
134
In base 9, what is 10 + 71?
81
In base 4, what is 2303 + 132?
3101
In base 7, what is -5 + -5?
-13
In base 16, what is -3 - -18?
15
In base 2, what is 0 + 1000?
1000
In base 2, what is 10101 - -111100?
1010001
In base 5, what is 33 + 2022?
2110
In base 7, what is 14 - 2606?
-2562
In base 16, what is -e + -4?
-12
In base 10, what is 13 - 1022?
-1009
In base 5, what is 3134 - -42?
3231
In base 10, what is 4386 + -4?
4382
In base 7, what is -5 + -1455?
-1463
In base 4, what is -3330 - -2?
-3322
In base 15, what is -1ee + 2?
-1ec
In base 10, what is -8 - 13?
-21
In base 3, what is 0 - 201122?
-201122
In base 6, what is -2 + -42?
-44
In base 4, what is -13023 - 3?
-13032
In base 5, what is -1 - 40312?
-40313
In base 15, what is 151 - 4?
14c
In base 8, what is -664 - -50?
-614
In base 3, what is -1001111 - 2?
-1001120
In base 3, what is 11 + -12001?
-11220
In base 10, what is -377 + -3?
-380
In base 12, what is -3405 - -5?
-3400
In base 2, what is -1011 - 1000?
-10011
In base 12, what is 2 - 42?
-40
In base 6, what is 0 + 120?
120
In base 15, what is 18a + 1?
18b
In base 12, what is 117 - -1?
118
In base 9, what is -3 - 230?
-233
In base 9, what is -24 - 22?
-46
In base 13, what is -1b1 + 4?
-1aa
In base 15, what is -4 - -12e?
12a
In base 6, what is 1110 - -10?
1120
In base 15, what is -267 - 0?
-267
In base 6, what is -43412 + 1?
-43411
In base 2, what is -100 + 0?
-100
In base 16, what is 1 - -58?
59
In base 16, what is 0 + f9?
f9
In base 15, what is -35 + -a?
-40
In base 4, what is -3323 + 3?
-3320
In base 8, what is 325 + -1?
324
In base 2, what is -101 + 1000?
11
In base 11, what is 1 + -a4?
-a3
In base 12, what is -3 - -95?
92
In base 8, what is -64 - -1?
-63
In base 2, what is -101001 + -1000010?
-1101011
In base 8, what is -344 + 5?
-337
In base 12, what is -24 + 